{"id":660,"date":"2020-01-13T12:04:47","date_gmt":"2020-01-13T11:04:47","guid":{"rendered":"http:\/\/www.sitkaschaft.de\/?page_id=660"},"modified":"2020-01-13T12:19:42","modified_gmt":"2020-01-13T11:19:42","slug":"widerrufsrecht","status":"publish","type":"page","link":"http:\/\/www.sitkaschaft.de\/?page_id=660","title":{"rendered":"Widerrufsrecht"},"content":{"rendered":"\n<p><strong>Widerrufsbelehrung<\/strong><\/p>\n\n\n\n<p>Wenn Sie Unternehmer im Sinne des \u00a7 14 \nBGB sind besteht das Widerrufsrecht nicht. F\u00fcr Verbraucher (Jede \nnat\u00fcrliche Person die ein Rechtsgesch\u00e4ft zu Zwecken abschlie\u00dft, die \n\u00fcberwiegend weder ihrer gewerblichen&nbsp; noch ihrer selbstst\u00e4ndigen \nberuflichen T\u00e4tigkeit zugerechnet werden k\u00f6nnen) gilt:<\/p>\n\n\n\n<p><strong>Widerrufsrecht<\/strong><\/p>\n\n\n\n<p>Sie haben das Recht, binnen vierzehn \nTagen ohne Angabe von Gr\u00fcnden diesen Vertrag zu widerrufen.Die \nWiderrufsfrist betr\u00e4gt vierzehn Tage ab dem Tag, an dem Sie oder ein von\n Ihnen benannter Dritter, der nicht der Bef\u00f6rderer ist, die Ware in \nBesitz genommen haben bzw. hat.<\/p>\n\n\n\n<p>Um ihr Widerrufsrecht auszu\u00fcben, m\u00fcssen Sie uns Pfeil- und Bogenwerkstatt, Doris M\u00fcnter, Haller Str. 65, 33824 Werther, Email: <strong><a href=\"mailto:info@sitkaschaft.de\">info@sitkaschaft.de<\/a><\/strong>,  mittels einer eindeutigen Erkl\u00e4rung (z.B. ein mit der Post versandter  Brief oder Email) \u00fcber Ihren Entschluss, diesen Vertrag zu widerrufen,  informieren. Sie k\u00f6nnen daf\u00fcr das beigef\u00fcgte Muster-Widerrufsformular (<a href=\"http:\/\/www.sitkaschaft.de\/wp-content\/uploads\/2016\/10\/IMG_20161023_0001.pdf\"><strong>Muster-Widerrufsformular als pdf<\/strong><\/a>)  verwenden, das jedoch nicht vorgeschrieben ist. Zur Wahrung der  Widerrufsfrist reicht es aus, dass Sie die Mitteilung \u00fcber die Aus\u00fcbung  des Widerrufsrechts vor Ablauf der Widerrufsfrist absenden.<\/p>\n\n\n\n<p><strong>Folgen des Widerrufs<\/strong><\/p>\n\n\n\n<p>Wenn Sie diesen Vertrag widerrufen, haben\n wir Ihnen alle Zahlungen, die wir von Ihnen erhalten haben, \neinschlie\u00dflich der Lieferkosten (mit Ausnahmen der zus\u00e4tzlichen Kosten, \ndie sich dasraus ergeben, dass Sie eine andere Art der Lieferung als die\n von uns angebotene, g\u00fcnstigste Standartlieferung gew\u00e4hlt haben), \nunverz\u00fcglich und sp\u00e4testens binnen vierzehn Tagen ab dem Tag \nzur\u00fcckzuzahlen, an dem die Mitteilung \u00fcber Ihren Widerruf dieses \nVertrags bei uns eingegangen ist. F\u00fcr diese R\u00fcckzahlung verwenden wir \ndasselbe Zahlungsmittel, das Sie bei der urspr\u00fcnglichen Transaktion \neingesetzt haben, es sei denn, mit Ihnen wurde ausdr\u00fccklich etwas \nanderes vereinbart; in keinem Fall werden Ihnen wegen dieser R\u00fcckzahlung\n Entgelte berechnet. Wir k\u00f6nnen die R\u00fcckzahlung verweigern, bis wir die \nWaren wieder zur\u00fcckerhalten haben oder Sie den Nachweis erbracht haben, \ndass Sie die Waren zur\u00fcckgesandt haben, je nachdem, welches der fr\u00fchere \nZeitpunkt ist. Sie haben die Waren unverz\u00fcglich und in jedem Fall \nsp\u00e4testens binnen vierzehn Tagen ab dem Tag, an dem Sie uns \u00fcber den \nWiderruf dieses Vertrags unterichten, an uns zur\u00fcckzusenden oder zu \n\u00fcbergeben. Die Frist ist gewahrt, wenn Sie die Waren vor Ablauf der \nFrist von vierzehn Tagen absenden. Sie tragen die unmittelbaren Kosten \nder R\u00fccksendung der Waren. Sie m\u00fcssen f\u00fcr einen etwaigen Wertverlust der\n Waren nur aufkommen, wenn dieser Wertverlust auf einen zur Pr\u00fcfung der \nBeschaffenheit, Eigenschaften und Funktionsweise der Waren nicht \nnotwendigen Umgang mit Ihnen zur\u00fcckzf\u00fchren ist.<\/p>\n\n\n\n<p><strong>Ende des Widerrufsrechts<\/strong><\/p>\n\n\n\n<p>Das Widerrufsrecht besteht nicht bei \nFernabsatzvertr\u00e4gen zur Lieferung von Waren, die nicht vorgefertigt sind\n und f\u00fcr deren Herstellung eine individuelle Auswahl oder Bestimmung \ndurch den Verbraucher ma\u00dfgeblich ist oder die eindeutig auf die \npers\u00f6nlichen Bed\u00fcrfnisse des Verbrauchers zugeschnitten sind.<\/p>\n","protected":false},"excerpt":{"rendered":"<p>Widerrufsbelehrung Wenn Sie Unternehmer im Sinne des \u00a7 14 BGB sind besteht das Widerrufsrecht nicht. F\u00fcr Verbraucher (Jede nat\u00fcrliche Person die ein Rechtsgesch\u00e4ft zu Zwecken abschlie\u00dft, die \u00fcberwiegend weder ihrer gewerblichen&nbsp; noch ihrer selbstst\u00e4ndigen beruflichen T\u00e4tigkeit zugerechnet werden k\u00f6nnen) gilt: Widerrufsrecht Sie haben das Recht, binnen vierzehn Tagen ohne Angabe von Gr\u00fcnden diesen Vertrag zu [&hellip;]<\/p>\n","protected":false},"author":1,"featured_media":0,"parent":24,"menu_order":0,"comment_status":"closed","ping_status":"closed","template":"","meta":{"footnotes":""},"class_list":["post-660","page","type-page","status-publish","hentry"],"_links":{"self":[{"href":"http:\/\/www.sitkaschaft.de\/index.php?rest_route=\/wp\/v2\/pages\/660","targetHints":{"allow":["GET"]}}],"collection":[{"href":"http:\/\/www.sitkaschaft.de\/index.php?rest_route=\/wp\/v2\/pages"}],"about":[{"href":"http:\/\/www.sitkaschaft.de\/index.php?rest_route=\/wp\/v2\/types\/page"}],"author":[{"embeddable":true,"href":"http:\/\/www.sitkaschaft.de\/index.php?rest_route=\/wp\/v2\/users\/1"}],"replies":[{"embeddable":true,"href":"http:\/\/www.sitkaschaft.de\/index.php?rest_route=%2Fwp%2Fv2%2Fcomments&post=660"}],"version-history":[{"count":4,"href":"http:\/\/www.sitkaschaft.de\/index.php?rest_route=\/wp\/v2\/pages\/660\/revisions"}],"predecessor-version":[{"id":673,"href":"http:\/\/www.sitkaschaft.de\/index.php?rest_route=\/wp\/v2\/pages\/660\/revisions\/673"}],"up":[{"embeddable":true,"href":"http:\/\/www.sitkaschaft.de\/index.php?rest_route=\/wp\/v2\/pages\/24"}],"wp:attachment":[{"href":"http:\/\/www.sitkaschaft.de\/index.php?rest_route=%2Fwp%2Fv2%2Fmedia&parent=660"}],"curies":[{"name":"wp","href":"https:\/\/api.w.org\/{rel}","templated":true}]}}